
142373
In base 4, what is 1103120010 - -1100?
1103121110
In base 6, what is 5 + 5354434425?
5354434434
In base 6, what is -1 - -50440322?
50440321
In base 11, what is -964 + -46894?
-47748
In base 16, what is 796888f - 2?
796888d
In base 14, what is -5a12 + -c9d?
-68b1
In base 11, what is -3 - -22880aa1?
22880a99
In base 3, what is -2112200111211000 + 12?
-2112200111210211
In base 11, what is 15 - 74a39?
-74a24
In base 13, what is 358a87 - 3?
358a84
In base 16, what is 78 + 3e9b45?
3e9bbd
In base 8, what is -106 - 70675?
-71003
In base 10, what is 10676 - 3498?
7178
In base 16, what is -10097a + 3f?
-10093b
In base 7, what is 66 - 31365065?
-31364666
In base 13, what is 186 + 83656?
8380c
In base 4, what is -330023022 - -232?
-330022130
In base 14, what is 6784 - -1c?
67a2
In base 13, what is 64a125 + 28?
64a150
In base 8, what is 1740234 - -2002?
1742236
In base 14, what is -3ab948 - -3?
-3ab945
In base 8, what is -4457 - -623?
-3634
In base 11, what is -5 + 2121822?
2121818
In base 5, what is -1323 - 22040211?
-22042034
In base 12, what is 185b + 1447?
30a6
In base 4, what is 33021 - -12230333?
12330020
In base 3, what is -21201221022121102 + -11?
-21201221022121120
In base 15, what is 2 - -adb20d?
adb210
In base 16, what is -149 + 11597?
1144e
In base 9, what is -566 + -6457?
-7134
In base 15, what is 4855c1 - 7?
4855b9
In base 6, what is 30 + 152450553?
152451023
In base 12, what is 143aba + 1a1?
14409b
In base 2, what is -1101100011100011101 + -11001?
-1101100011100110110
In base 2, what is -100 + -11111010110000101110?
-11111010110000110010
In base 16, what is -1dc - -36c0?
34e4
In base 5, what is 4 + -103432223133?
-103432223124
In base 4, what is 1332303312 + 12?
1332303330
In base 2, what is 100110010 + 10000001100111?
10000110011001
In base 13, what is -34b - 4422?
-4770
In base 11, what is -1383 - 14814?
-16097
In base 13, what is -349 + -13c9ba?
-140036
In base 8, what is 17 - 1707572?
-1707553
In base 3, what is 10001 + 11201020121020?
11201020201021
In base 13, what is -77b6790 - 4?
-77b6794
In base 6, what is -144 + -3541144?
-3541332
In base 5, what is -3 + -1022124032143?
-1022124032201
In base 2, what is 10011 - -11100001100000111000110?
11100001100000111011001
In base 7, what is 50120122 + 0?
50120122
In base 10, what is -53 + 764421?
764368
In base 11, what is -1717017 + 4?
-1717013
In base 13, what is -2b883 - -5306?
-2657a
In base 5, what is -210104 - -121031?
-34023
In base 12, what is 54752 - -603?
55155
In base 14, what is 3b6987 + -29?
3b695c
In base 7, what is -2 + -1061435224?
-1061435226
In base 15, what is 11aa70cd + -5?
11aa70c8
In base 16, what is 8b - -1cdc?
1d67
In base 7, what is 12246022 - 1?
12246021
In base 10, what is 1 - -86483748?
86483749
In base 11, what is -4 - 1a7445366?
-1a744536a
In base 9, what is -3 + -50306028?
-50306032
In base 16, what is -10f43ee - 0?
-10f43ee
In base 15, what is -18 - 1dee11d?
-1dee136
In base 3, what is -120000021 + -2010201?
-122010222
In base 8, what is 4165464 - 143?
4165321
In base 12, what is -2 + -a260b7b?
-a260b81
In base 11, what is -7 + -1806a10?
-1806a17
In base 2, what is 110 + -1011000110101111100111?
-1011000110101111100001
In base 4, what is 2 - -12022302213232?
12022302213300
In base 14, what is 9b3d4 - 1c9?
9b209
In base 8, what is -5646 - 246431?
-254277
In base 16, what is bb7 + 93d?
14f4
In base 8, what is 6 + 60731766?
60731774
In base 12, what is 3 + 1476b0?
1476b3
In base 4, what is -20322 + -1333023?
-2020011
In base 2, what is 11111001111011 + 1011001001001?
101010011000100
In base 10, what is -63802785 + -3?
-63802788
In base 11, what is -1a586 - a28?
-20503
In base 6, what is 11 - -40312515?
40312530
In base 12, what is 0 + -165a029?
-165a029
In base 14, what is -6b74cb2 + 8?
-6b74ca8
In base 3, what is -12 - 10212210000202?
-10212210000221
In base 6, what is -141535532 - -11?
-141535521
In base 12, what is 18 + -335577?
-33555b
In base 5, what is -33422444111 - 4?
-33422444120
In base 3, what is 10120001002 + -10010?
10112220222
In base 13, what is 18cbc0 - b?
18cbb2
In base 9, what is 7358775 + 126?
7360012
In base 11, what is -a9 - -2a4a5?
2a3a7
In base 11, what is -5 - 936181a?
-9361824
In base 10, what is 56 - 24830?
-24774
In base 7, what is -35311 - 22020?
-60331
In base 14, what is 5 + 268485?
26848a
In base 6, what is 42 + 1101004?
1101050
In base 9, what is 0 - 85161445?
-85161445
In base 7, what is 221650 - 2402?
216245
In base 3, what is -12200221211210002 + -10?
-12200221211210012
In base 7, what is -5 + 235064603?
235064565
In base 4, what is -32110 - -1232012?
1133302
In base 9, what is -4 + 731166?
731162
In base 4, what is -10 + -1002000222100?
-1002000222110
In base 15, what is 3103 - 2d3?
2d20
In base 9, what is 2 + 6572482?
6572484
In base 11, what is 15 + 147798?
147802
In base 6, what is 4553213203 - -15?
4553213222
In base 6, what is 0 + -4151111551?
-4151111551
In base 13, what is -74 - -774b?
76a7
In base 7, what is -5 - -114351321?
114351313
In base 9, what is -5 - -20180503?
20180487
In base 11, what is 687 + 30641?
31218
In base 2, what is 111110010011100101110 + 1011?
111110010011100111001
In base 5, what is 11043 - -24243?
40341
In base 14, what is -2a07 + 5b2?
-2435
In base 8, what is -5 - -142125251?
142125244
In base 16, what is -2d - -652d?
6500
In base 13, what is -2bc + 251282?
250c93
In base 9, what is -1075 + 13052?
11866
In base 5, what is 3122343311 + -10?
3122343301
In base 2, what is -1111010000111001 + -110000101100?
-10000000001100101
In base 15, what is 1 + -e37cb2?
-e37cb1
In base 13, what is 13b - 21050?
-20c12
In base 4, what is -121303233233 + 111?
-121303233122
In base 7, what is -4 + -101002250?
-101002254
In base 7, what is 33 - 156645?
-156612
In base 3, what is -101111221221222112 - 12?
-101111221221222201
In base 3, what is -10221222010 - -102021?
-10221112212
In base 16, what is 5e + -28ad?
-284f
In base 7, what is 10 - 220025662?
-220025652
In base 7, what is -1003415535 + 5?
-1003415530
In base 10, what is -7 + -8088063?
-8088070
In base 8, what is 10413124 - 26?
10413076
In base 12, what is -263673 + -85?
-263738
In base 16, what is 1ea6f3 + -86?
1ea66d
In base 7, what is 1 - 12063551120?
-12063551116
In base 13, what is 110 + -2834?
-2724
In base 8, what is 30054457 + -7?
30054450
In base 9, what is 1 + 7041?
7042
In base 13, what is 4c441 + 126?
4c567
In base 13, what is c + -6ba9b5?
-6ba9a6
In base 11, what is 5996531 + -13?
5996519
In base 5, what is -14124100434 - -13?
-14124100421
In base 8, what is 173131 - 4134?
166775
In base 16, what is -5119685f + 3?
-5119685c
In base 4, what is -13031300001 + 33?
-13031233302
In base 6, what is 4253140 - 0?
4253140
In base 3, what is -10 + -200222121100110?
-200222121100120
In base 10, what is -2 - -8490208?
8490206
In base 13, what is -c3 + 14a063?
149c70
In base 15, what is 77ad - 1ec?
75b1
In base 13, what is c6362 + 26?
c6388
In base 16, what is 6 + -1541857?
-1541851
In base 16, what is 56fcd + 16?
56fe3
In base 4, what is 11303112 + -222230?
11020222
In base 13, what is 76268 + -37?
76231
In base 9, what is 44441 + -23215?
21225
In base 3, what is -2001101 - -222222?
-1001102
In base 7, what is 5 - -30366540?
30366545
In base 14, what is 49 - -79aab9?
79ab24
In base 10, what is 387595 - 170?
387425
In base 13, what is -209 - -214?
8
In base 12, what is 62 - 403a2?
-40340
In base 13, what is -76b - -123803?
123065
In base 13, what is 206890 + -22?
20686b
In base 14, what is 15c984d + -14?
15c9839
In base 9, what is -871366 + 30?
-871336
In base 14, what is dcab6 - 11?
dcaa5
In base 16, what is 1 + 30bc730?
30bc731
In base 6, what is -14542 - -2102310?
2043324
In base 6, what is -10351402204 + -2?
-10351402210
In base 9, what is 46818568 + 11?
46818580
In base 3, what is -211210101001012 - 11?
-211210101001100
In base 14, what is 3cb - 4c54d?
-4c162
In base 12, what is -149a7760 - -6?
-149a7756
In base 12, what is -b54b91 + 24?
-b54b69
In base 6, what is -11 - -45430344?
45430333
In base 11, what is -631880 - 26?
-6318a6
In base 16, what is 119fab5 - -3?
119fab8
In base 9, what is -1 + 1616647?
1616646
In base 10, what is -699 - -18690?
17991
In base 5, what is 420 - 10124431?
-10124011
In base 5, what is -101424 - 211241?
-313220
In 